 and r?
1
Suppose -88 = -4*t - 4*t. Suppose -4*d = -t*d + 28. Suppose 0 = d*a - 56 - 20. Calculate the greatest common factor of a and 76.
19
Suppose -u = 24*u - 500. Let o be 108 + -1 - (1 + -10 + 6). What is the greatest common factor of o and u?
10
Suppose 5*s + 15 = 140. Let r(o) = 2*o**2 - 13*o + 50. Let n be r(5). Suppose -5*k - 8250 = -n*k. Calculate the greatest common divisor of k and s.
25
Suppose 58*l = 46*l + 408. What is the highest common divisor of 13634 and l?
34
Suppose 1515 = 2*u + 3*u + 5*q, 0 = 5*u - q - 1533. Let m be (-3)/(u/(-1904)*8/150). What is the highest common factor of 150 and m?
50
Let s = 260 - 116. Suppose -28*n + 19*n + s = 0. Let k = 0 + 2. What is the highest common divisor of n and k?
2
Let m be -3*(2 - 50/3). Suppose 6 = -m*n + 47*n. Let p be (-1 - 15/(-10))/(n/32). Calculate the greatest common factor of p and 88.
8
Let b(j) be the third derivative of -j**6/120 - 7*j**5/10 + 41*j**4/24 - 31*j**3/3 + 171*j**2. Let l be b(-43). What is the highest common divisor of 102 and l?
6
Let l be (-31)/((-217)/84) - (0 - 1). Suppose -2 = y, 12*p - l*p - 3*y + 78 = 0. What is the highest common divisor of 12 and p?
12
Suppose 0 = -n - 4, -5*o - 5*n + 552 = -8*n. Calculate the highest common factor of 20 and o.
4
Suppose 6*k + 7*k = 136 - 45. Let r = -117 - -194. Calculate the highest common factor of r and k.
7
Suppose -5*a + 7*m + 115 = 2*m, a + 2*m - 32 = 0. Suppose 7*f = a*f - 380. Calculate the highest common divisor of f and 340.
20
Let i be 26/(-13) + -1 + 0 + 4. Suppose 2*o - 265 + i = 0. Let d = -192 - -225. What is the highest common factor of o and d?
33
Let y(r) = -19*r**2 + 2377*r + 69. Let w be y(125). Calculate the greatest common divisor of w and 2291.
29
Let k be ((2 + -118)*8/20)/(4/(-210)). What is the highest common divisor of 294 and k?
42
Suppose -229*c + 8550 - 667 = 784. What is the highest common factor of c and 1178?
31
Let i(d) = d**3 - 17*d**2 + 139*d - 4677. Let a be i(21). Let b be 0 + 1 + 1 + -12. Let l = b - -22. What is the highest common factor of a and l?
6
Suppose -9*j = -4*j - 260. Let w(p) = -p**2 - 41*p + 5796. Let z be w(-97). Calculate the highest common divisor of j and z.
52
Let i be 8 + 11/((-11)/3). Suppose 0 = 5*w + i*q - 40, 0 = -w + 2*q + 5 - 0. Let h be 0 + (-1)/(-1) - -1. Calculate the greatest common divisor of h and w.
1
Let i be ((-323)/(-17) + -61)*(-6)/7. What is the highest common factor of 5868 and i?
36
Let k = 1174 + -1170. Suppose k*g = -l - 2*l + 45, 5*g = 2*l + 62. Let y(s) = 41*s + 2. Let n be y(2). What is the greatest common divisor of g and n?
12
Suppose -18*p - 95 = p. Let f(i) = -15*i - 27. Let r be f(p). Calculate the highest common factor of 64 and r.
16
Let u = -27 - -51. Suppose -r - 26 = -5*n, 14*r - 27 = 16*r - 5*n. Let d be 24*-5*r/(-6)*-3. What is the greatest common factor of u and d?
12
Let m(s) = 300*s + 8333. Let a be m(-26). What is the greatest common divisor of a and 598?
13
Let y be (17 + -20 - 2*-2)*4. Let h be 9/((-1)/(-1)) - 1. Suppose -48 = -5*r + 3*g, -3*g + h*g - 8 = r. Calculate the greatest common divisor of y and r.
4
Let b(u) = -2*u**2 + 37*u - 105. Let g be b(15). Suppose -2*n - 2*n = -896. Suppose -5*i + 644 - n = g. What is the highest common divisor of i and 12?
12
Suppose 10*p - 6*p = -2*d + 3870, -4*d = p - 7712. Calculate the highest common divisor of d and 47.
47
Suppose 983 = 2*w + s, 25*w - 3*s + 2457 = 30*w. Calculate the greatest common factor of 451 and w.
41
Suppose -21*o = -24*o - 4*z + 5806, -2*z = 2*o - 3872. Calculate the highest common factor of 12 and o.
6
Let s = 19321 + -17854. What is the highest common divisor of s and 18?
9
Let l = -76 - -252. Let t = -126 + l. Let p be (6 + -2)*25/4. Calculate the greatest common divisor of t and p.
25
Suppose -630*o - 225 = -639*o. Suppose 0 = -2*q - 2*s - 3*s + 3350, -2*q = -s - 3350. Calculate the highest common factor of o and q.
25
Suppose -4*u = 5*y - 22, 5*u = -4*y + 26 + 6. Calculate the greatest common factor of 2112 and u.
8
Suppose 8*x - 197 = -1285. Let p = 47 - x. Let l = p - 75. What is the highest common factor of 12 and l?
12
Let v(t) = 81*t - 2. Let c be v(2). Suppose 0 = 306*n - 65*n - 28920. What is the highest common divisor of c and n?
40
Let u(y) = -2*y**2 + 121*y + 68. Let a be u(61). What is the highest common divisor of 847 and a?
7
Suppose -5*n + 24*z = 20*z - 50, 4*z = -4*n + 4. Calculate the highest common factor of 195 and n.
3
Suppose 2*b = -10, -b - b - 588 = 2*x. Let p = -74 - x. Calculate the highest common factor of 129 and p.
43
Let s be ((8/12)/((-16)/188))/((-2)/12). What is the highest common factor of s and 2820?
47
Let r be (-91)/(-12 + (-23)/(-2)). What is the highest common divisor of r and 1729?
91
Let d(n) = -2*n + 1. Let f be d(2). Let g be (72/28)/(f/(-14)). Suppose -39 = -2*x - 3*p, -6*p = -5*x - p + 135. What is the greatest common factor of g and x?
12
Let s = 1486 + -1334. Suppose 0 = -6*h + 2*h + 76. What is the greatest common factor of s and h?
19
Let m = -321 + 180. Let a = m - -171. What is the highest common factor of a and 25?
5
Let j(p) = -p**2 + 9. Let w be j(0). Let s be 1 - ((-358)/w - 26/117). What is the greatest common divisor of s and 41?
41
Let l be -3*62/12*-10. What is the highest common factor of l and 1519?
31
Suppose m - 7 = -8, -k - 3*m = -480. Let u = k - 450. Calculate the highest common divisor of 132 and u.
33
Let u be ((-41)/3 - -13)*(-42)/(-4) + 107. Calculate the highest common divisor of 320 and u.
20
Let y(p) = 34*p**2 - p. Suppose -2 = 3*f + 5*a, 3*a = -2*f + 7*a + 6. Let m be y(f). Let u = -17 - -28. What is the greatest common factor of u and m?
11
Let x(a) = 2*a**2 - 61*a + 249. Let j be x(32). What is the highest common divisor of j and 75900?
345
Let k be 830/4 + (-235)/94. Let b(x) = x**3 + 6*x**2 + 7*x + 15. Let t be b(-5). Calculate the greatest common divisor of t and k.
5
Let j = -812 - -816. Suppose 189 = j*s - s - 3*l, -5*s + 2*l = -330. Calculate the highest common divisor of s and 85.
17
Let c = 2 - 10. Let v(d) = -19*d + 14. Let u be v(c). Suppose 5*r - 838 = 3*a - a, 0 = r - 2*a - u. What is the greatest common factor of r and 24?
24
Let l be (2 - 4) + 123 + -2. Let j = l + -79. Suppose d - 34 = -5*w, -2*d + 101 = 3*w + 89. What is the greatest common factor of w and j?
8
Let w be 114/10 - (-4)/(-10). Let n(o) = -157*o + 804. Let a be n(5). Let p = a - w. Calculate the highest common divisor of 64 and p.
8
Suppose 79 - 13 = -11*k. Let f be (k - 75/(-10))/((-3)/(-70)). What is the greatest common divisor of 175 and f?
35
Suppose 2*f - 1 - 5 = 0. Suppose -5*d - 4*z = -380, 3*d - 2*z - 228 = f*z. Let c be 104/28 - (-10)/35. What is the greatest common factor of c and d?
4
Let u be 2*((-124)/(-682) + (-4018)/(-44)). Let q be 12/(-3)*(-183)/6. Calculate the highest common divisor of u and q.
61
Suppose -3 = 3*h, i + 40*h - 37*h + 790 = 0. Let a = 829 + i. Calculate the greatest common divisor of 30 and a.
6
Let v(y) = -41*y + 3495. Let m be v(55). Calculate the greatest common divisor of m and 70.
10
Let m be (90/(-20) - 3)/(1/(-22)). Calculate the greatest common divisor of 1089 and m.
33
Suppose -4*x = -5*f - 2165, 5*x - 2*f + 2102 = 9*x. What is the highest common factor of 50 and x?
10
Suppose -4*p + 5*q + 6654 = 0, -2*p + 3336 = -50*q + 46*q. Calculate the highest common factor of p and 72.
72
Let j = 24204 + -24185. Let s = -473 + 777. Calculate the highest common factor of j and s.
19
Let q be (11 + -3)*(-6)/(-12). Let m(v) = -72*v - 17. Let k be m(-4). Let b be k + (9 - 1 - q). What is the greatest common factor of 25 and b?
25
Let t(c) = -5*c**3 + 16*c**2 - 63*c - 133. Let i be t(-4). What is the highest common divisor of 417 and i?
139
Suppose -48 = -3*j + 3*v, -3*v + 753 - 810 = -4*j. What is the greatest common divisor of j and 171?
9
Suppose -72*s + 76*s - 3876 = 0. Suppose 0 = 5*j - 36*r + 31*r - 235, -5*j = -4*r - 239. What is the greatest common divisor of s and j?
51
Let a be -50 + 46 - (-60 - 0). Let h = -5 + a. What is the highest common divisor of h and 34?
17
Suppose 3*a - a - 8 = 5*u, -a = -4*u - 4. Suppose 5*m - 2*d - 10 - 13 = u, -m - d - 1 = 0. Suppose 3*n = 79 + 2. What is the greatest common factor of n and m?
3
Let r = 808 + -544. Suppose 0 = 3